{"id":3343,"date":"2021-02-19T14:27:54","date_gmt":"2021-02-19T17:27:54","guid":{"rendered":"https:\/\/marciomiranda.com.br\/site\/curso-de-vendas-e-negociacao-com-marcio-miranda-2021-cloned-at-2021-10-13-110623\/"},"modified":"2024-12-17T17:59:29","modified_gmt":"2024-12-17T20:59:29","slug":"depoimentos-marcio-miranda-palestrante-de-vendas","status":"publish","type":"page","link":"https:\/\/marciomiranda.com.br\/site\/area-gestor\/depoimentos-marcio-miranda-palestrante-de-vendas\/","title":{"rendered":"Palestrante de Vendas M\u00e1rcio Miranda | Testemunho de Clientes"},"content":{"rendered":"<p>Ligue para:&nbsp;(11) 4117-8810 | (11) 3280-5464<\/p>\n<p>I<\/p>\n<p><a class=\"op3-element__link op3-element-icon__link op3-link\" href=\"https:\/\/www.facebook.com\/MarcioMirandaWorkshop\" target=\"_blank\" data-op-action=\"link\" data-op-select-funnel-step=\"\" data-op3-smooth-scroll=\"0\" rel=\"noopener\"><\/a><a class=\"op3-element__link op3-element-icon__link op3-link\" href=\"https:\/\/br.linkedin.com\/in\/marciomiranda10\" target=\"_blank\" data-op-action=\"link\" data-op-select-funnel-step=\"\" data-op3-smooth-scroll=\"0\" rel=\"noopener\"><\/a><a class=\"op3-element__link op3-element-icon__link op3-link\" href=\"https:\/\/www.instagram.com\/marcioworkshop\/\" target=\"_blank\" data-op-action=\"link\" data-op-select-funnel-step=\"\" data-op3-smooth-scroll=\"0\" rel=\"noopener\"><\/a><a class=\"op3-element__link op3-element-icon__link op3-link\" href=\"https:\/\/www.youtube.com\/user\/workshop2011\" target=\"_blank\" data-op-action=\"link\" data-op-select-funnel-step=\"\" data-op3-smooth-scroll=\"0\" rel=\"noopener\"><\/a><a class=\"op3-element__link op3-element-icon__link op3-link\" href=\"https:\/\/api.whatsapp.com\/send?phone=5511991097186\" target=\"_blank\" data-op-action=\"link\" data-op-select-funnel-step=\"\" data-op3-smooth-scroll=\"0\" rel=\"noopener\"><\/a><\/p>\n<p>I<\/p>\n<p><a href=\"https:\/\/membros.ovendedorcampeao.com.br\/\" class=\"op3-link op3-background-ancestor\" target=\"_blank\" data-op-action=\"link\" data-op-select-funnel-step=\"\" data-op3-smooth-scroll=\"0\" data-op-effect-style=\"\" data-op-effect-style-hover=\"\" data-op-courseaction=\"\" rel=\"noopener\">Login<\/a><a href=\"https:\/\/marciomiranda.com.br\/site\" target=\"_self\" data-op-action=\"link\" data-op-select-funnel-step=\"\" data-op3-smooth-scroll=\"0\" rel=\"noopener\"><img loading=\"lazy\" decoding=\"async\" src=\"https:\/\/marciomiranda.com.br\/site\/wp-content\/uploads\/2020\/07\/logo-preto-300x120-1.png\" alt=\"Palestrante de Vendas M\u00e1rcio Miranda\" title=\"Palestrante de Vendas M\u00e1rcio Miranda\" width=\"300\" height=\"120\" data-op3-attachment-id=\"2644\" \/><\/a><a href=\"https:\/\/wa.me\/5511991097186?text=Ol%C3%A1%2C+gostaria+de+saber+mais+sobre+Cursos+e+Treinamentos...\" class=\"op3-link op3-background-ancestor\" target=\"_blank\" data-op-action=\"link\" data-op-select-funnel-step=\"\" data-op3-smooth-scroll=\"0\" data-op-effect-style=\"\" data-op-effect-style-hover=\"\" data-op-courseaction=\"\" rel=\"noopener\">ATENDIMENTO<\/a><\/p>\n<h2>QUEM \u00c9 M\u00c1RCIO MIRANDA<\/h2>\n<h3>M\u00e1rcio Miranda \u00e9 um profissional experiente e considerado um expert em vendas e negocia\u00e7\u00e3o com mais de 30 anos na \u00e1rea de vendas e negocia\u00e7\u00e3o!&nbsp;M\u00e1rcio tem uma maneira pr\u00e1tica de abordar o tema Negocia\u00e7\u00e3o, seus exemplos s\u00e3o fruto de experi\u00eancia como negociador internacional.<\/h3>\n<h3>\n<p>M\u00e1rcio \u00e9&nbsp; autor de 5 livros sobre Negocia\u00e7\u00e3o e Vendas, al\u00e9m de ter desenvolvido e apresentado mais de 900 v\u00eddeos sobre esses temas.&nbsp;Sua especialidade \u00e9 criar estrat\u00e9gias de crescimento sustent\u00e1vel para pequenas e m\u00e9dias empresas.&nbsp;<\/p>\n<p>Seus programas semanais em v\u00eddeo e \u00e1udio (podcasts) ocuparam o primeiro lugar do ranking da Apple iTunes por cinco anos consecutivos.&nbsp;Foi comentarista da Rede Globo, no programa Pequenas Empresas Grandes Neg\u00f3cios durante tr\u00eas anos e atualmente sou comentarista da r\u00e1dio JovemPan em S\u00e3o Paulo.<\/p>\n<\/h3>\n<p><a href=\"https:\/\/api.whatsapp.com\/send?phone=5511991097186\" class=\"op3-link op3-background-ancestor\" target=\"_blank\" data-op-action=\"link\" data-op-select-funnel-step=\"\" data-op3-smooth-scroll=\"0\" data-op-effect-style=\"\" data-op-effect-style-hover=\"\" data-op-courseaction=\"\" rel=\"noopener\">fale com um consultor<\/a><\/p>\n<h2>Quem conhece os&nbsp;M\u00e9todos e Treinamentos do M\u00e1rcio Aprovam e Recomendam!<\/h2>\n<p>Veja o depoimento e alguns clientes importantes que j\u00e1 conhecem e fizeram o treinamento elaborado por M\u00e1rcio Miranda.<\/p>\n<h2>LIZETE RIBEIRO<\/h2>\n<h2>Tau\u00e1 Resorts<\/h2>\n<h2>GEISA COELHO<\/h2>\n<h2>Unimed<\/h2>\n<h2>EDILSON LOPES<\/h2>\n<h2>Grupo KLA<\/h2>\n<h2>RAUL CANDELORO<\/h2>\n<h2>Revista Venda Mais<\/h2>\n<h2>LUCIANO MONTENEGRO<\/h2>\n<h2>C\u00e2mara Americana de Com\u00e9rcio<\/h2>\n<h2>PAULO MONTAGNER<\/h2>\n<h2>BMW Group<\/h2>\n<h2>M\u00c1RIO C\u00c9SAR<\/h2>\n<h2>Presidente da Gr\u00e1fica Bandeirantes<\/h2>\n<h2>CARLOS MENDES<\/h2>\n<h2>Voko<\/h2>\n<h2>CARLOS SASSE<\/h2>\n<h2>Diretor da Divis\u00e3o Qu\u00edmica da Merk<\/h2>\n<h2>MARCO ANT\u00d4NIO<\/h2>\n<h2>Diretor da Localiza<\/h2>\n<h2>H\u00c9LIO GIANOTTI<\/h2>\n<h2>Gerente de Treinamentos da Novartis<\/h2>\n<h2>FASCINA<\/h2>\n<h2>Black&amp;Decker<\/h2>\n<h2>ESTEV\u00c3O BRAGA<\/h2>\n<h2>Samarco Minera\u00e7\u00e3o<\/h2>\n<h2>ADRIANO MORENO<\/h2>\n<h2>Neonutri<\/h2>\n<h2>DULCE LUBRANO<\/h2>\n<h2>Distribuidora Joair Internacional&nbsp;<\/h2>\n<h2>FRAN OLIVEIRA<\/h2>\n<h2>RH DO GRUPO EMA<\/h2>\n<h2>DIANA MURINELLY<\/h2>\n<h2>Diretora Comercial &#8211; Grupo Delfa<\/h2>\n<h2>ANUAR&nbsp;<\/h2>\n<h2>Trancos e Balan\u00e7a A\u00e7ores<\/h2>\n<h2>WAGNER SCHERER<\/h2>\n<h2>Aluno do Curso de Negocia\u00e7\u00e3o e Vendas<\/h2>\n<h2>JULIANA GOLVEIA<\/h2>\n<h2>Empresa 3 Marias<\/h2>\n<p>Leve o M\u00e1rcio Miranda para sua Empresa? <a href=\"https:\/\/api.whatsapp.com\/send?phone=5511991097186\" target=\"_blank\" rel=\"noopener\">Fale com um Consultor<\/a><\/p>\n<h3>Prepare e atualize sua&nbsp;Equipe Comercial de forma pr\u00e1tica e objetiva!<\/h3>\n<h2>Ofere\u00e7o v\u00e1rias Solu\u00e7\u00f5es 100% Online para voc\u00ea e para sua Empresa<\/h2>\n<h2>IN-COMPANY AO VIVO<\/h2>\n<h2>Prepare e Atualize sua Equipe Comercial<\/h2>\n<p>Com um m\u00e9todo moderno, a partir de agora, o mesmo treinamento das maiores empresas brasileiras est\u00e1 acess\u00edvel para empresas de todos os portes e localiza\u00e7\u00e3o geogr\u00e1fica.<\/p>\n<p><a href=\"https:\/\/incompany.marciomiranda.com.br\/\" class=\"op3-link op3-background-ancestor\" target=\"_blank\" data-op-action=\"link\" data-op-select-funnel-step=\"\" data-op3-smooth-scroll=\"0\" data-op-effect-style=\"\" data-op-effect-style-hover=\"\" data-op-courseaction=\"\" rel=\"noopener\">Saiba Mais<\/a><\/p>\n<h2>TREINAMENTO COMPLETO<\/h2>\n<h2>Curso Online &#8220;O Vendedor Campe\u00e3o&#8221;<\/h2>\n<p>Meu novo curso 100% Online e composto por 12 m\u00f3dulos vai padronizar as estrat\u00e9gias de vendas e negocia\u00e7\u00e3o, ensinando as t\u00e9cnicas mais modernas e que funcionam na pr\u00e1tica.<\/p>\n<p><a href=\"https:\/\/ovendedorcampeao.com.br\/\" class=\"op3-link op3-background-ancestor\" target=\"_blank\" data-op-action=\"link\" data-op-select-funnel-step=\"\" data-op3-smooth-scroll=\"0\" data-op-effect-style=\"\" data-op-effect-style-hover=\"\" data-op-courseaction=\"\" rel=\"noopener\">Saiba Mais<\/a><\/p>\n<p>CONHE\u00c7A O NOVO GAMESHOW (ONLINE&nbsp;E PRESENCIAL)<\/p>\n<p><a href=\"https:\/\/marciomiranda.com.br\/site\/gameshow\/\" class=\"op3-link op3-background-ancestor\" target=\"_blank\" data-op-action=\"link\" data-op-select-funnel-step=\"\" data-op3-smooth-scroll=\"0\" data-op-effect-style=\"\" data-op-effect-style-hover=\"\" data-op-courseaction=\"\" rel=\"noopener\">QUERO SABER MAIS<\/a><\/p>\n<h2>INICIE OU ENCERRE SEU EVENTO COM CHAVE DE OURO<\/h2>\n<p>Para as empresas, o&nbsp;Gameshow&nbsp;ajuda a evidenciar o que foi aprendido e quais conceitos ainda precisam de maiores explica\u00e7\u00f5es para a equipe de vendas!&nbsp;<\/p>\n<p>Planejado e realizado de maneira profissional, este instrumento se mostra cada vez mais apropriado para ensinar e rever conceitos junto a equipes.<\/p>\n<p>CONSULTORIA 100% ONLINE<\/p>\n<h2>Consultoria Especializada em Otimiza\u00e7\u00e3o de Resultados em Vendas e Negocia\u00e7\u00e3o<\/h2>\n<p>Esta Consultoria 100% Online foi elaborada e pensado em todos os detalhes que envolvem vendas e negocia\u00e7\u00e3o nesse momento atual na economia mundial!<\/p>\n<h3>Material de Apoio<\/h3>\n<p>Todos ir\u00e3o receber um excelente material complementar para que possam extrair ao m\u00e1ximo as t\u00e9cnicas aprendidas. Apenas esse material j\u00e1 valeria o investimento.<\/p>\n<h3>Curso Continuado<\/h3>\n<p>Voc\u00ea receber\u00e1 por email durante um ano, 24 li\u00e7\u00f5es sobre vendas e negocia\u00e7\u00e3o elaboradas por M\u00e1rcio Miranda que v\u00e3o lhe manter sempre atualizado e bem preparado.<\/p>\n<h3>Mentorias ao Vivo<\/h3>\n<p>Voc\u00ea e sua equipe ter\u00e3o acesso exclusivo a todas as mentorias online ao vivo (LIVE) com M\u00e1rcio Miranda, ideal para tirar d\u00favidas e falar diretamente com o mentor deste curso&#8230;<\/p>\n<h3>Aplica\u00e7\u00e3o Imediata<\/h3>\n<p>Comprovadamente, logo ap\u00f3s o treinamento, voc\u00ea vai vender melhor e com mais facilidade. As informa\u00e7\u00f5es s\u00e3o pr\u00e1ticas e podem ser aplicadas logo ap\u00f3s este curso.<\/p>\n<h3>Alto Padr\u00e3o<\/h3>\n<p>Esta Consultoria Online \u00e9 o resultado da experi\u00eancia de M\u00e1rcio Miranda como negociador no Brasil e no exterior. O curso \u00e9 bem humorado, interativo e pr\u00e1tico.<\/p>\n<h3>Alto Grau de Reten\u00e7\u00e3o<\/h3>\n<p>As t\u00e9cnicas ensinadas s\u00e3o reais, n\u00e3o acad\u00eamicas, e por isso s\u00e3o lembradas e utilizadas anos ap\u00f3s o curso.&nbsp; Voc\u00ea n\u00e3o vai apenas assistir o curso, e sim participar de verdade!<\/p>\n<p><a href=\"https:\/\/consultoria.marciomiranda.com.br\/\" class=\"op3-link op3-background-ancestor\" target=\"_blank\" data-op-action=\"link\" data-op-select-funnel-step=\"\" data-op3-smooth-scroll=\"0\" data-op-effect-style=\"\" data-op-effect-style-hover=\"\" data-op-courseaction=\"\" rel=\"noopener\">SAIBA MAIS SOBRE A CONSULTORIA EXPRESS<\/a><\/p>\n<h2>Podcast com M\u00e1rcio Miranda<\/h2>\n<p>Semanalmente, voc\u00ea vai descobrir novas t\u00e9cnicas de negocia\u00e7\u00e3o e vendas apresentadas pelo consultor M\u00e1rcio Miranda de forma descontra\u00edda e din\u00e2mica.<\/p>\n<h6>O que voc\u00ea vai encontrar&#8230;.<\/h6>\n<p>Dicas de VendasEstrat\u00e9gias de Negocia\u00e7\u00e3oDesenvolvimento Pessoal<a href=\"https:\/\/marciomiranda.com.br\/site\/podcast\" class=\"op3-link op3-background-ancestor\" target=\"_blank\" data-op-action=\"link\" data-op-select-funnel-step=\"\" data-op3-smooth-scroll=\"0\" data-op-effect-style=\"\" data-op-effect-style-hover=\"\" data-op-courseaction=\"\" rel=\"noopener\">Inscreva-se Gratuitamente<\/a>Transforma\u00e7\u00e3o DigitalClima Descontra\u00eddoT\u00e9cnicas Avan\u00e7adas<\/p>\n<p>fale coMIGO<\/p>\n<h1>Posso te ajudar?<\/h1>\n<p>Entre em atrav\u00e9s do formul\u00e1rio ou se preferir, envie um email ou ligue atrav\u00e9s dos canais abaixo.<\/p>\n<p>EMAIL:<\/p>\n<p>atendimento@marciomiranda.com.br<\/p>\n<p>TELEFONES:<\/p>\n<p>(11)3280-7171 ou (11) 3280-5464<\/p>\n<p><a class=\"op3-element__link op3-element-icon__link op3-link\" href=\"https:\/\/www.facebook.com\/MarcioMirandaWorkshop\" target=\"_blank\" data-op-action=\"link\" data-op-select-funnel-step=\"\" data-op3-smooth-scroll=\"0\" rel=\"noopener\"><\/a><a class=\"op3-element__link op3-element-icon__link op3-link\" href=\"https:\/\/br.linkedin.com\/in\/marciomiranda10\" target=\"_blank\" data-op-action=\"link\" data-op-select-funnel-step=\"\" data-op3-smooth-scroll=\"0\" rel=\"noopener\"><\/a><a class=\"op3-element__link op3-element-icon__link op3-link\" href=\"https:\/\/www.instagram.com\/marcioworkshop\/\" target=\"_blank\" data-op-action=\"link\" data-op-select-funnel-step=\"\" data-op3-smooth-scroll=\"0\" rel=\"noopener\"><\/a><a class=\"op3-element__link op3-element-icon__link op3-link\" href=\"https:\/\/www.youtube.com\/user\/workshop2011\" target=\"_blank\" data-op-action=\"link\" data-op-select-funnel-step=\"\" data-op3-smooth-scroll=\"0\" rel=\"noopener\"><\/a><a class=\"op3-element__link op3-element-icon__link op3-link\" href=\"https:\/\/api.whatsapp.com\/send?phone=5511991097186\" target=\"_blank\" data-op-action=\"link\" data-op-select-funnel-step=\"\" data-op3-smooth-scroll=\"0\" rel=\"noopener\"><\/a><\/p>\n<p>Envie uma mensagem. Entraremos em contato em breve!<\/p>\n<p><a href=\"#\" class=\"op3-link op3-background-ancestor\" target=\"_self\" data-op-action=\"link\" data-op-select-funnel-step=\"\" data-op3-smooth-scroll=\"\" data-op-effect-style=\"\" data-op-effect-style-hover=\"\" data-op-courseaction=\"\" rel=\"noopener\">ENVIAR MENSAGEM<\/a><img loading=\"lazy\" decoding=\"async\" src=\"https:\/\/marciomiranda.com.br\/site\/wp-content\/uploads\/2023\/01\/logo-workshop-2021.png\" alt=\"\" title=\"logo-workshop-2021\" width=\"300\" height=\"61\" data-op3-attachment-id=\"4293\" \/><\/p>\n<p>Email:&nbsp;<a href=\"mailto:marcio@marciomiranda.com.br\">marcio@marciomiranda.com.br<\/a><\/p>\n<p>Ligue para:&nbsp;(11) 4117-8810 | (11) 3280-5464<\/p>\n<p>\u00a9&nbsp;Copyright Palestrante M\u00e1rcio Miranda.&nbsp; Todos os Direitos Reservados<\/p>\n<p><a class=\"op3-element__link op3-element-icon__link op3-link\" href=\"https:\/\/www.facebook.com\/MarcioMirandaWorkshop\" target=\"_blank\" data-op-action=\"link\" data-op-select-funnel-step=\"\" data-op3-smooth-scroll=\"0\" rel=\"noopener\"><\/a><a class=\"op3-element__link op3-element-icon__link op3-link\" href=\"https:\/\/br.linkedin.com\/in\/marciomiranda10\" target=\"_blank\" data-op-action=\"link\" data-op-select-funnel-step=\"\" data-op3-smooth-scroll=\"0\" rel=\"noopener\"><\/a><a class=\"op3-element__link op3-element-icon__link op3-link\" href=\"https:\/\/www.instagram.com\/marcioworkshop\/\" target=\"_blank\" data-op-action=\"link\" data-op-select-funnel-step=\"\" data-op3-smooth-scroll=\"0\" rel=\"noopener\"><\/a><a class=\"op3-element__link op3-element-icon__link op3-link\" href=\"https:\/\/www.youtube.com\/user\/workshop2011\" target=\"_blank\" data-op-action=\"link\" data-op-select-funnel-step=\"\" data-op3-smooth-scroll=\"0\" rel=\"noopener\"><\/a><a class=\"op3-element__link op3-element-icon__link op3-link\" href=\"https:\/\/api.whatsapp.com\/send?phone=5511991097186\" target=\"_blank\" data-op-action=\"link\" data-op-select-funnel-step=\"\" data-op3-smooth-scroll=\"0\" rel=\"noopener\"><\/a><\/p>\n","protected":false},"excerpt":{"rendered":"<p>Cursos de Vendas e Negocia\u00e7\u00e3o com M\u00e1rcio Miranda. Consulte o M\u00e1rcio para elaborar um treinamento espec\u00edfico para sua empresa e mude seus resultados de patamar em 2021!<\/p>\n","protected":false},"author":2,"featured_media":0,"parent":4496,"menu_order":0,"comment_status":"closed","ping_status":"closed","template":"op_builder_blank","meta":{"footnotes":""},"categories":[],"tags":[],"class_list":["post-3343","page","type-page","status-publish","hentry"],"_links":{"self":[{"href":"https:\/\/marciomiranda.com.br\/site\/wp-json\/wp\/v2\/pages\/3343","targetHints":{"allow":["GET"]}}],"collection":[{"href":"https:\/\/marciomiranda.com.br\/site\/wp-json\/wp\/v2\/pages"}],"about":[{"href":"https:\/\/marciomiranda.com.br\/site\/wp-json\/wp\/v2\/types\/page"}],"author":[{"embeddable":true,"href":"https:\/\/marciomiranda.com.br\/site\/wp-json\/wp\/v2\/users\/2"}],"replies":[{"embeddable":true,"href":"https:\/\/marciomiranda.com.br\/site\/wp-json\/wp\/v2\/comments?post=3343"}],"version-history":[{"count":47,"href":"https:\/\/marciomiranda.com.br\/site\/wp-json\/wp\/v2\/pages\/3343\/revisions"}],"predecessor-version":[{"id":6325,"href":"https:\/\/marciomiranda.com.br\/site\/wp-json\/wp\/v2\/pages\/3343\/revisions\/6325"}],"up":[{"embeddable":true,"href":"https:\/\/marciomiranda.com.br\/site\/wp-json\/wp\/v2\/pages\/4496"}],"wp:attachment":[{"href":"https:\/\/marciomiranda.com.br\/site\/wp-json\/wp\/v2\/media?parent=3343"}],"wp:term":[{"taxonomy":"category","embeddable":true,"href":"https:\/\/marciomiranda.com.br\/site\/wp-json\/wp\/v2\/categories?post=3343"},{"taxonomy":"post_tag","embeddable":true,"href":"https:\/\/marciomiranda.com.br\/site\/wp-json\/wp\/v2\/tags?post=3343"}],"curies":[{"name":"wp","href":"https:\/\/api.w.org\/{rel}","templated":true}]}}